 13*k + 11. Calculate z(12).
23
Let b(d) = 18*d - 5. Give b(3).
49
Let l(c) = -32*c + 191. Calculate l(6).
-1
Let v(s) = -s**3 - 15*s**2 + 18*s + 60. Determine v(-16).
28
Let m(r) = 7*r**2 - 7*r + 9. Give m(3).
51
Let n(k) = -2*k**3 + 5*k**2 + 10*k - 2. What is n(4)?
-10
Let d(v) = -v - 6. Determine d(6).
-12
Let c(j) = -j + 2. Determine c(-5).
7
Let c(o) = o**3 + 8*o**2 + 2*o. What is c(-8)?
-16
Let p(a) = a**2 - 6*a - 228. Calculate p(-12).
-12
Let l(y) = -y**3 - 10*y**2 - 9*y + 12. Give l(-9).
12
Let d(u) = 42*u - 5. Determine d(-3).
-131
Let c(k) = -8*k - 133. What is c(-18)?
11
Let u(n) = 8*n - 13. What is u(18)?
131
Let r(x) = x**2 - 9*x + 8. Determine r(8).
0
Let r(g) = -g**3 + 8*g**2 - 6*g - 1. Calculate r(5).
44
Let z(j) = j**3 + 8*j**2 + 5. Calculate z(-8).
5
Let v(s) = -s + 1. What is v(13)?
-12
Let p(c) = -c**3 - 8*c**2 - 8*c + 3. Give p(-7).
10
Let c(u) = -4*u + 7. Calculate c(11).
-37
Let s(g) = 2*g**2 + 16*g + 8. Determine s(-9).
26
Let m(h) = 3*h - 49. What is m(7)?
-28
Let z(q) = q - 23. Determine z(9).
-14
Let d(w) = w**2 + 2*w + 9. Calculate d(-4).
17
Let r(x) = -6*x**3 - 2*x - 1. Calculate r(-1).
7
Let y(c) = c**2 + 10*c + 17. Determine y(-8).
1
Let p(u) = u**3 - 67*u**2 - 70*u + 142. Give p(68).
6
Let d(w) = 10*w - 638. What is d(64)?
2
Let u(t) = t**3 - 7*t**2 + 6*t - 13. Calculate u(7).
29
Let a(n) = n**3 + 26*n**2 + 47*n - 13. Calculate a(-24).
11
Let h(d) = 3*d**3 - 3*d**2 - 3*d - 1. What is h(-1)?
-4
Let d(j) = -2*j + 13. Calculate d(10).
-7
Let y(j) = 34*j - 3. Determine y(-1).
-37
Let z(j) = j**2 - j + 3. Give z(4).
15
Let y(u) = -2*u + 28. Determine y(17).
-6
Let a(y) = y**3 - 11*y**2 + 7*y + 1. Determine a(10).
-29
Let a(u) = u**2 + 2*u + 7. Calculate a(-6).
31
Let g(o) = o**3 - 5*o**2 + 12*o - 88. Determine g(6).
20
Let g(d) = -d**3 - 12*d**2 - 2*d + 27. Give g(-11).
-72
Let g(s) = s**2 - s - 77. Determine g(9).
-5
Let n(w) = -w**2 + 11*w - 16. Give n(7).
12
Let t(k) = 6*k. What is t(-6)?
-36
Let s(x) = 2*x - 1. Give s(0).
-1
Let g(a) = 6*a - 5. Calculate g(-4).
-29
Let q(s) = -s + 17. What is q(13)?
4
Let x(w) = w - 22. Calculate x(0).
-22
Let q(p) = p**2 + 12*p - 19. What is q(-8)?
-51
Let x(j) = -12*j - 49. Calculate x(-4).
-1
Let f(k) = 2*k**2 - 5*k + 11. What is f(9)?
128
Let z(f) = 9*f**3 + 2*f - 3. What is z(1)?
8
Let p(j) = j**3 + 3*j**2 + 9*j + 12. Give p(-4).
-40
Let u(c) = 5*c**2 - 49*c - 64. Calculate u(11).
2
Let s(i) = 12*i - 3. Calculate s(-1).
-15
Let m(l) = -l + 108. Determine m(16).
92
Let z(j) = -j**3 - 2*j**2 - j + 2. Determine z(0).
2
Let q(t) = 31*t**2 + 60*t - 2. Give q(-2).
2
Let m(w) = 8*w + 71. Determine m(-10).
-9
Let t(k) = k**3 - 9*k**2 + 7*k + 14. What is t(8)?
6
Let q(y) = -y**2 + 21*y + 5. Determine q(21).
5
Let q(g) = g + 57. Calculate q(6).
63
Let x(o) = o - 38. Give x(18).
-20
Let z(v) = v - 10. Calculate z(16).
6
Let f(b) = -b**2 - b - 35. What is f(0)?
-35
Let d(i) = -3*i**2 - 7*i + 5. Calculate d(-2).
7
Let c(n) = -4*n**2 + 2*n - 4. Calculate c(-3).
-46
Let w(m) = -m**3 - 11*m**2 - 10*m + 13. What is w(-10)?
13
Let o(x) = x**2 - 16*x - 12. Calculate o(9).
-75
Let u(x) = -x**3 + 4*x**2 + 13*x + 11. What is u(6)?
17
Let t(h) = 2*h**2 - 6*h - 1. Give t(5).
19
Let h(a) = a**3 - a + 59. Determine h(0).
59
Let v(u) = -u**3 - 10*u**2 - 6*u - 7. What is v(-4)?
-79
Let s(v) = v**2 - 17*v + 8. What is s(16)?
-8
Let q(h) = -6*h + 2. What is q(1)?
-4
Let u(w) = w**2 + 27*w + 89. What is u(-4)?
-3
Let w(z) = 8*z + 1. Calculate w(-1).
-7
Let z(f) = f**2 - 9*f - 7. What is z(7)?
-21
Let n(c) = -15*c**2 - c - 2. Determine n(2).
-64
Let f(b) = -b**3 + 5*b**2 + 5*b + 3. Give f(6).
-3
Let n(p) = -p**2 + 13*p + 18. Calculate n(15).
-12
Let g(h) = -60*h - 429. Give g(-7).
-9
Let o(q) = -3*q**3 + 12*q**2 + 13*q. Determine o(5).
-10
Let j(f) = 2*f**2 + 17*f + 54. Calculate j(-7).
33
Let z(i) = -11*i + 72. Determine z(7).
-5
Let k(c) = c**2 + 11*c + 34. Calculate k(-7).
6
Let q(y) = 3*y - 2. Calculate q(-8).
-26
Let b(p) = 13*p**2 + 2*p - 2. Give b(1).
13
Let w(x) = -x + 16. Calculate w(14).
2
Let a(k) = k**2 - 16*k + 35. What is a(15)?
20
Let n(a) = -2*a**3 - a**2 - a - 1. Calculate n(2).
-23
Let n(q) = q**3 + 8*q**2 + 9*q + 16. Determine n(-7).
2
Let d(f) = f**3 + 3*f**2 + 2*f - 1. What is d(-2)?
-1
Let s(w) = w**3 - 14*w**2 + 9*w + 44. Determine s(13).
-8
Let j(r) = 13*r**2 - 8*r + 1. Determine j(1).
6
Let a(g) = -5*g. Determine a(-2).
10
Let s(x) = x + 59. Give s(-18).
41
Let b(p) = -4*p + 91. Calculate b(19).
15
Let r(f) = -11*f**2 + 26*f + 6. What is r(3)?
-15
Let g(j) = -166*j**2 + 3*j + 1. Determine g(-1).
-168
Let m(y) = 118*y + 1062. Determine m(-9).
0
Let k(q) = q**3 + 5*q**2 - q - 8. What is k(-4)?
12
Let b(j) = -7*j**2 + j + 1. Determine b(-1).
-7
Let q(i) = -2*i**2 + 11*i - 7. What is q(5)?
-2
Let b(m) = 3*m**2 - 27*m - 23. Determine b(10).
7
Let s(j) = -j**3 - 10*j**2 - 7*j + 7. Calculate s(-9).
-11
Let z(o) = o**3 + 9*o**2 + 15*o + 43. Calculate z(-8).
-13
Let d(i) = i**3 + 8*i**2 + 3*i + 5. Determine d(-8).
-19
Let a(n) = n + 5. What is a(-4)?
1
Let a(q) = 2*q**3 + 2*q**2 - 1. Calculate a(1).
3
Let z(r) = -r**2 + r + 30. What is z(0)?
30
Let q(h) = 2*h + 3. Calculate q(-2).
-1
Let d(i) = i**3 + 8*i**2 - 3*i - 8. Determine d(-8).
16
Let n(c) = -c**3 - 21*c**2 - 19*c - 25. What is n(-20)?
-45
Let b(l) = -2*l**3 - 7*l**2 - 6*l - 2. What is b(-5)?
103
Let s(w) = -w**2 - 14*w - 20. Give s(-10).
20
Let c(w) = -4*w + 29. Determine c(5).
9
Let c(t) = t**3 - 10*t**2 - 1. Give c(10).
-1
Let p(z) = -z + 15. Calculate p(21).
-6
Let h(k) = -k**2 + 8*k + 11. Determine h(9).
2
Let o(r) = r**3 + 5*r**2 + r - 1. Give o(-3).
14
Let z(a) = a**2 + 10*a + 3. What is z(-10)?
3
Let t(g) = -2*g**3 - 3*g**2 + g + 3. Determine t(-2).
5
Let y(q) = q**3 + q**2 - 10*q + 7. What is y(3)?
13
Let v(p) = -2*p**2 + 7*p + 20. Determine v(-2).
-2
Let j(g) = g**3 - 41*g**2 + 11. Calculate j(41).
11
Let j(m) = -44*m**2 - 11*m - 12. What is j(-1)?
-45
Let o(a) = -a**3 - 69*a**2 - 134*a - 5. Calculate o(-67).
-5
Let s(f) = -f + 6. Give s(0).
6
Let t(v) = -v**2 - 4*v + 4. Give t(-2).
8
Let m(z) = -3*z**2 + 15*z - 8. Determine m(5).
-8
Let g(f) = f**3 + 8*f**2 + 16*f + 14. Give g(-6).
-10
Let j(i) = 6*i - 1. What is j(1)?
5
Let n(t) = -2*t**3 - t**2 + 1. Calculate n(2).
-19
Let n(w) = -2*w**3 - 2*w + 1. Determine n(1).
-3
Let v(j) = -3*j**2 + 9*j - 56. Give v(6).
-110
Let w(x) = -3*x**2 + 14*x + 2. Calculate w(5).
-3
Let v(i) = -i**3 + 4*i**2 + 4*i - 1. Determine v(6).
-49
Let y(h) = -h**3 + 6*h**2 - 6*h + 7. Give y(5).
2
Let n(i) = i**2 + 5*i + 3. Determine n(-9).
39
Let z(k) = 23*k**2 + k - 1. Determine z(1).
23
Let a(u) = -3*u**2 + 33*u - 102. Determine a(3).
-30
Let n(b) = b**2 - 11*b - 129. Determine n(-7).
-3
Let b(v) = -v**3 + 6*v**2 + 3*v - 5. What is b(7)?
-33
Let i(u) = -u**2 + 8*u + 19. Determine i(9).
10
Let m(g) = 27*g - 131. Determine m(5).
4
Let q(o) = -3*o + 13. Calculate q(5).
-2
Let u(h) = 2*h + 2. What is u(-18)?
-34
Let a(l) = -l**3 + 6*l**2 + 13*l - 86. Give a(6).
-8
Let b(i) = i**2 - 12*i + 7. Calculate b(13).
20
Let o(y) = -41*y + 452. Give o(11).
1
Let i(d) = -d**2 + 2*d. Calculate i(5).
-15
Let b(f) = 47*f - 349. What is b(7)?
-20
Let i(o) = -5*o - 5. Determine i(10).
-55
Let n(j) = -3*j - 6. Give n(3).
-15
Let j(d) = 9*d - 19. Determine j(3).
8
Let f(v) = -5*v - 18. What is f(-5)?
7
Let r(d) = -d**2 + d + 9. Calculate r(4).
-3
Let r(d) = -2*d**2 - 54*d - 57. What is r(-26)?
-5
Let k(f) = -2*f**2 + f - 4. What is k(4)?
-32
Let r(i) = 2*i**3 - 10*i**2 + 9*i + 1. Calculate r(4).
5
Let h(y) = y**2 + 9*y - 14. What is h(-11)?
8
Let h(q) = 2*q**3 - 36*q**2 + 30*q + 21. Determine h(17).
-47
Let j(b) = b**3 - 24*b**2 + 98*b + 3. What is j(5)?
18
Let c(m) = 2*m**2 - 6*m + 6. Give c(4).
14
Let x(v) = 6*v + 124. What is x(-19)?
10
Let p(y) = 3*y - 24. Determine p(17).
27
Let n(l) = -l**2 + 5*l + 59. Calculate n(10).
9
Let q(o) = -7*o**2 + 88*o - 36. Give q(12).
12
Let x(b) = b - 50. Calculate x(34).
-16
Let q(z) = -z**2 + 2*z + 113. What is q(0)?
113
Let p(b) = 2*b**2 + 5*b - 1. What is p(-3)?
2
Let j(c) = c**3 + 9*c**2 - 7*c - 7. What is j(-9)?
56
Let y(z) = -6*z + 15. Calculate y(3).
-3
Let g(w) = 7*w**2 + 10*w + 12. Calculate g(-3).
45
Let c(m) = -10*m - 5. Determine c(3).
-35
Let h(k) = -2*k**2 - 14*